2).
1412
Let v(i) = -18*i**3 + 1318*i**2 - 534*i + 17665. Determine v(73).
-1
Let w(z) = 455*z**2 - 40460*z - 3122. Give w(89).
-7
Let m(f) = 131*f**2 - 878*f + 545. Give m(6).
-7
Let b(m) = -45*m**2 - 383*m - 1158. Determine b(-3).
-414
Let y(a) = a**3 + 28*a**2 - 15253*a + 272849. Calculate y(19).
9
Let p(m) = -m**3 + 16*m**2 - 161*m + 3498. Calculate p(18).
-48
Let l(s) = 3*s**2 - 475*s - 4093. Calculate l(-9).
425
Let i(c) = -4*c**2 + 2946*c - 8698. Determine i(3).
104
Let o(m) = -8*m**3 - 13*m**2 + 150*m + 303. Give o(-2).
15
Let i(f) = -367147*f + 4038601. What is i(11)?
-16
Let w(b) = -14320*b + 3966640. Give w(277).
0
Let m(j) = -2*j**3 - 2*j**2 - 5092*j - 89. Determine m(0).
-89
Let n(q) = 2*q**3 - 22*q**2 + 1416*q - 20967. Calculate n(14).
33
Let n(j) = j**3 - 532*j**2 - 6519*j - 4902. What is n(544)?
-6
Let k(y) = -1547*y + 6207. Calculate k(4).
19
Let c(t) = -6*t**3 - 82*t**2 - 105*t + 83. What is c(-12)?
-97
Let l(i) = -i**3 + 35*i**2 + 224*i - 3947. What is l(38)?
233
Let n(j) = -j**3 - 18*j**2 - 1225*j - 16916. What is n(-14)?
-550
Let l(k) = -20232*k - 182564. What is l(-9)?
-476
Let i(h) = 245*h - 7956. Calculate i(28).
-1096
Let s(j) = -809*j - 88244. Calculate s(-109).
-63
Let a(u) = 2*u**3 + 2*u**2 + 439*u + 877. Calculate a(-2).
-9
Let y(v) = -31*v**2 - 8855*v + 3232. Give y(-286).
86
Let p(f) = -5*f**2 + 295*f - 2277. What is p(8)?
-237
Let a(h) = -4*h**3 + 310*h**2 + 1109*h - 50166. What is a(79)?
-1
Let o(b) = -5439*b - 1099027. Calculate o(-202).
-349
Let g(y) = -29*y**3 + 2952*y**2 + 611*y + 275. What is g(102)?
173
Let u(a) = 710*a - 3761. What is u(5)?
-211
Let v(s) = 6*s**2 + 203*s + 1517. What is v(-34)?
1551
Let j(i) = 3*i**3 + 5*i**2 - 95*i + 21. Calculate j(5).
46
Let r(v) = -2*v**2 + 440*v + 7897. Determine r(236).
345
Let h(m) = -m**3 - 7*m**2 + 2*m + 13. Give h(7).
-659
Let i(g) = 18*g**2 - 204*g + 64. Give i(16).
1408
Let o(s) = s**3 - 3*s**2 - 915*s - 5278. What is o(-6)?
-112
Let t(o) = 2*o**3 - 112*o**2 - 629*o + 702. Determine t(61).
-457
Let k(n) = n**3 - 126*n**2 - 5222*n + 18. Determine k(-33).
-807
Let v(b) = 27*b**3 + 406*b**2 + 36*b + 66. Calculate v(-15).
-249
Let t(i) = -i**3 - 170*i**2 + 3813*i - 210. Give t(20).
50
Let z(j) = 24*j**2 + 199*j + 81. Calculate z(-10).
491
Let o(k) = 33*k**2 - 145*k - 21. Determine o(4).
-73
Let l(g) = 2987794*g - 26890155. What is l(9)?
-9
Let o(a) = -27100*a**2 + 379395*a + 44. Give o(14).
-26
Let o(a) = -85*a**2 - 220*a - 214. Calculate o(-3).
-319
Let b(g) = -2*g**3 - 271*g**2 - 940*g - 1819. Calculate b(-132).
293
Let r(u) = 270*u - 20811. Calculate r(76).
-291
Let h(l) = -l**3 + 27*l**2 - 165*l + 46. Determine h(18).
-8
Let v(k) = -104*k**2 - 609*k + 28. Give v(-7).
-805
Let c(y) = 20706*y + 20548. What is c(-1)?
-158
Let a(i) = 11*i**2 - 15241*i - 61028. Give a(-4).
112
Let x(z) = -233*z - 32596. Calculate x(-140).
24
Let s(j) = -44158*j + 1854634. Determine s(42).
-2
Let d(c) = c**3 - 66*c**2 + 461*c + 39. Calculate d(57).
-2925
Let r(d) = d**3 - 183*d**2 + 1299*d - 11374. Calculate r(176).
418
Let v(u) = -u**2 - 2352*u - 46629. What is v(-20)?
11
Let g(f) = -1370*f - 111313. What is g(-83)?
2397
Let t(v) = -295*v - 422. Give t(2).
-1012
Let w(q) = 4*q**3 + 64*q**2 - 178*q - 1887. Determine w(-17).
-17
Let o(s) = 147*s**2 + 2295*s + 1410. Give o(-15).
60
Let p(o) = 3329*o**2 + 66574*o - 113. Give p(-20).
7
Let a(h) = h**2 + 67600*h + 1081343. Calculate a(-16).
-1
Let u(w) = 547*w**2 - 95727*w + 355. Calculate u(175).
5
Let h(b) = -3*b**3 - 43*b**2 - 3993*b - 60262. Calculate h(-15).
83
Let b(y) = -138468*y + 276960. Determine b(2).
24
Let l(m) = m**2 + 107*m + 298. What is l(-111)?
742
Let m(i) = -3*i**3 - 156*i**2 + 43*i + 3657. Give m(-52).
1421
Let s(h) = h**2 + 2269*h - 62314. Determine s(27).
-322
Let a(j) = -281*j**2 - 25*j - 25. Calculate a(-1).
-281
Let s(k) = 313*k**2 - 3041*k - 6080. Calculate s(-2).
1254
Let z(f) = 135*f**2 - 863*f + 355. Give z(6).
37
Let x(n) = -12*n**2 - 227*n + 1153. What is x(5)?
-282
Let g(k) = -1230*k**3 + 33188*k**2 + 595*k - 49. What is g(27)?
-22
Let d(m) = -m**3 + 17*m**2 + 1304*m - 24677. Determine d(34).
7
Let l(c) = 3932*c**2 - 31484*c - 21. What is l(8)?
-245
Let u(b) = 464*b + 6513. Give u(-17).
-1375
Let i(v) = -v**3 - 230*v**2 + 5804*v + 330. What is i(23)?
-15
Let q(f) = 339*f + 2018. Determine q(-7).
-355
Let z(s) = 5*s**3 + 121*s**2 + 257*s + 52. What is z(-22)?
-278
Let g(o) = 5*o**2 - 157*o - 4. Give g(23).
-970
Let h(j) = -2*j**2 + 172*j - 3276. Calculate h(57).
30
Let q(f) = 13*f**2 + 20543*f + 143165. Calculate q(-7).
1
Let y(z) = -102110*z - 6637145. What is y(-65)?
5
Let m(d) = -116*d**2 + 5587*d + 23085. Calculate m(52).
-55
Let t(m) = 22*m**3 - 10*m**2 - 9*m + 1. Give t(3).
478
Let c(u) = 257*u**2 + 41*u - 41. What is c(2)?
1069
Let g(x) = 10*x**2 - 4697*x - 28568. Determine g(-6).
-26
Let z(j) = -165*j**3 + 356*j**2 - 96*j + 101. Determine z(2).
13
Let f(u) = -454*u**3 - 7260*u**2 + 74*u + 160. Calculate f(-16).
0
Let c(p) = -245*p + 149437. Give c(610).
-13
Let b(c) = -4332*c - 453. What is b(0)?
-453
Let h(u) = -4*u**3 - 120*u**2 - 2835*u - 85052. What is h(-30)?
-2
Let n(w) = -18*w**2 + 635*w - 4351. Calculate n(9).
-94
Let v(o) = 53*o**2 + 1764*o - 56490. Give v(20).
-10
Let m(l) = 2*l**2 - 105*l - 1744. What is m(-17)?
619
Let h(c) = -86*c**2 - 1101*c + 33. Determine h(0).
33
Let g(a) = -a**3 + 18*a**2 - 23*a + 141. Determine g(14).
603
Let c(t) = -t**3 - 37*t**2 + 802*t + 29667. Give c(-37).
-7
Let j(s) = 6*s**2 - 9147*s - 129285. What is j(-14)?
-51
Let o(z) = -6898*z - 158692. Determine o(-23).
-38
Let n(f) = f**3 + 85*f**2 + 63*f + 13163. Give n(-86).
349
Let d(h) = 14*h**2 + 361*h + 2288. What is d(-10)?
78
Let q(c) = 67*c - 7142. Calculate q(103).
-241
Let g(i) = -2*i**2 + 674*i - 55448. Determine g(143).
36
Let t(h) = 141*h + 1275. Calculate t(-7).
288
Let n(h) = -593175*h + 17202074. What is n(29)?
-1
Let j(i) = -2*i**3 + 80*i**2 + 8*i + 629. Calculate j(40).
949
Let p(d) = -d**3 + 1916*d**2 - 13361*d - 20. Determine p(7).
-6
Let x(o) = -9*o**3 - 7*o**2 - 34*o - 65. What is x(-3)?
217
Let b(k) = -k**3 + 169*k**2 + 333*k + 1538. Give b(171).
-1
Let h(n) = -72768*n + 582139. Determine h(8).
-5
Let c(x) = -807*x + 126178. What is c(156)?
286
Let h(q) = 280762*q - 3649901. Determine h(13).
5
Let h(w) = -84137*w - 841359. Give h(-10).
11
Let i(w) = 35*w**3 - 666*w**2 - 11*w + 127. Determine i(19).
-443
Let y(g) = g**3 + 91*g**2 - 395*g - 1141. Determine y(6).
-19
Let y(u) = u**3 + 33*u**2 - 1606*u + 7311. Calculate y(23).
-3
Let p(b) = b**2 - 157*b - 24466. Give p(-97).
172
Let n(o) = -8*o**2 - 1055*o + 3085. What is n(-134)?
807
Let o(v) = -6528*v + 1031405. Give o(158).
-19
Let s(z) = z**3 + 17*z**2 + 16*z - 23. Give s(-18).
-635
Let d(o) = o**3 - 13*o**2 + 157*o - 3827. Calculate d(17).
-2
Let v(t) = -t**3 - 50*t**2 - 600*t - 44063. Determine v(-54).
1
Let i(b) = -1390*b**2 + 9754*b - 199. Determine i(7).
-31
Let a(r) = r**3 - 55*r**2 + 27*r - 945. What is a(55)?
540
Let r(c) = -c**3 + 40*c**2 - 76*c - 1208. Determine r(37).
87
Let k(f) = 618*f**2 - 36520*f + 3418. Give k(59).
-4
Let l(j) = 9*j**3 + 168*j**2 + 586*j + 13. Give l(-4).
-219
Let w(s) = 120*s - 646. Calculate w(5).
-46
Let s(m) = -321*m - 27143. Calculate s(-85).
142
Let y(c) = 3*c**2 + 16*c + 69. Calculate y(-5).
64
Let f(k) = -14789*k - 754271. Give f(-51).
-32
Let l(r) = -r**2 + 21*r + 459. Determine l(-13).
17
Let y(l) = 1324*l**2 - 13381*l + 21. Determine y(10).
-1389
Let q(w) = -w**2 - 51073*w + 817428. Determine q(16).
4
Let t(p) = 39*p**2 + 18988*p + 16522. What is t(-486)?
-2
Let b(q) = -11*q**2 + 15*q + 1771. Calculate b(-12).
7
Let x(h) = -2*h**3 + 11*h**2 - 66*h + 628. Calculate x(8).
-220
Let f(n) = -9*n**2 + 1345*n - 25004. Give f(22).
230
Let h(n) = 106*n**2 - 302*n + 12. What is h(2)?
-168
Let g(z) = -58777*z - 352674. What is g(-6)?
-12
Let u(d) = 2357*d + 16525. What is u(-7)?
26
Let x(c) = -85*c**3 + 13*c**2 + 32*c - 40. Give x(1).
-80
Let s(g) = 5155*g + 25748. Calculate s(-5).
-27
Let z(m) = 3*m**2 + 117*m - 253. Calculate z(-41).
-7
Let g(l) = -8*l**3 + 19*l**2 - 537*l + 4186. Calculate g(8).
-2990
Let l(w) = w**3 + 14*w**2 - 10*w - 295. Determine l(-8).
169
Let u(p) = 2*p**2 - 44*p + 6. Give u(-8)